
{"id":38,"date":"2024-11-20T23:48:22","date_gmt":"2024-11-20T23:48:22","guid":{"rendered":"https:\/\/hotelaranjeira.com\/?post_type=quartos&#038;p=38"},"modified":"2024-12-17T12:09:19","modified_gmt":"2024-12-17T12:09:19","slug":"mobilidade-reduzida","status":"publish","type":"quartos","link":"https:\/\/hotelaranjeira.com\/en\/quartos\/mobilidade-reduzida\/","title":{"rendered":"Reduced Mobility"},"content":{"rendered":"<p>This air-conditioned room includes a flat-screen TV with cable channels and a private bathroom equipped with facilities for people with reduced mobility and free toiletries.<\/p>\n\n\n\n<p>O hotel Laranjeira tamb\u00e9m disp\u00f5e de um bar que serve bebidas refrescantes, snacks doces e salgados, al\u00e9m de oferecer servi\u00e7o de quartos para maior conveni\u00eancia.<\/p>","protected":false},"excerpt":{"rendered":"<p>This air-conditioned room includes a flat-screen TV with cable channels and a private bathroom equipped with facilities for people with reduced mobility and free toiletries.<\/p>","protected":false},"author":1,"featured_media":455,"parent":0,"template":"","meta":{"_acf_changed":false,"footnotes":""},"class_list":["post-38","quartos","type-quartos","status-publish","has-post-thumbnail","hentry"],"acf":[],"_links":{"self":[{"href":"https:\/\/hotelaranjeira.com\/en\/wp-json\/wp\/v2\/quartos\/38","targetHints":{"allow":["GET"]}}],"collection":[{"href":"https:\/\/hotelaranjeira.com\/en\/wp-json\/wp\/v2\/quartos"}],"about":[{"href":"https:\/\/hotelaranjeira.com\/en\/wp-json\/wp\/v2\/types\/quartos"}],"author":[{"embeddable":true,"href":"https:\/\/hotelaranjeira.com\/en\/wp-json\/wp\/v2\/users\/1"}],"version-history":[{"count":5,"href":"https:\/\/hotelaranjeira.com\/en\/wp-json\/wp\/v2\/quartos\/38\/revisions"}],"predecessor-version":[{"id":459,"href":"https:\/\/hotelaranjeira.com\/en\/wp-json\/wp\/v2\/quartos\/38\/revisions\/459"}],"wp:featuredmedia":[{"embeddable":true,"href":"https:\/\/hotelaranjeira.com\/en\/wp-json\/wp\/v2\/media\/455"}],"wp:attachment":[{"href":"https:\/\/hotelaranjeira.com\/en\/wp-json\/wp\/v2\/media?parent=38"}],"curies":[{"name":"wp","href":"https:\/\/api.w.org\/{rel}","templated":true}]}}

<p>This air-conditioned room includes a flat-screen TV with cable channels and a private bathroom equipped with facilities for people with reduced mobility and free toiletries.</p>



<p>O hotel Laranjeira também dispõe de um bar que serve bebidas refrescantes, snacks doces e salgados, além de oferecer serviço de quartos para maior conveniência.</p>
