
{"id":28,"date":"2024-11-20T23:45:46","date_gmt":"2024-11-20T23:45:46","guid":{"rendered":"https:\/\/hotelaranjeira.com\/?post_type=quartos&#038;p=28"},"modified":"2024-12-04T22:09:28","modified_gmt":"2024-12-04T22:09:28","slug":"quarto-single","status":"publish","type":"quartos","link":"https:\/\/hotelaranjeira.com\/en\/quartos\/quarto-single\/","title":{"rendered":"Single Room"},"content":{"rendered":"<p>Quarto Single com ar condicionado inclui uma televis\u00e3o de ecr\u00e3 plano com canais por cabo e uma casa de banho privativa com produtos de higiene pessoal gratuitos.<\/p>\n\n\n\n<p>Algumas acomoda\u00e7\u00f5es disp\u00f5em de varandas privativas, ideais para relaxar e apreciar a paisagem, com vistas deslumbrantes para <strong>Viana do Castelo<\/strong> and the majestic <strong>Santa Luzia Mount<\/strong><\/p>\n\n\n\n<p>O hotel Laranjeira tamb\u00e9m disp\u00f5e de um bar que serve bebidas refrescantes, snacks doces e salgados, al\u00e9m de oferecer servi\u00e7o de quartos para maior conveni\u00eancia.<\/p>","protected":false},"excerpt":{"rendered":"<p>Some accommodations have private balconies, ideal for relaxing and enjoying the scenery, with breathtaking views of Viana do Castelo and the majestic Monte de Santa Luzia.<\/p>","protected":false},"author":1,"featured_media":77,"parent":0,"template":"","meta":{"_acf_changed":false,"footnotes":""},"class_list":["post-28","quartos","type-quartos","status-publish","has-post-thumbnail","hentry"],"acf":[],"_links":{"self":[{"href":"https:\/\/hotelaranjeira.com\/en\/wp-json\/wp\/v2\/quartos\/28","targetHints":{"allow":["GET"]}}],"collection":[{"href":"https:\/\/hotelaranjeira.com\/en\/wp-json\/wp\/v2\/quartos"}],"about":[{"href":"https:\/\/hotelaranjeira.com\/en\/wp-json\/wp\/v2\/types\/quartos"}],"author":[{"embeddable":true,"href":"https:\/\/hotelaranjeira.com\/en\/wp-json\/wp\/v2\/users\/1"}],"version-history":[{"count":9,"href":"https:\/\/hotelaranjeira.com\/en\/wp-json\/wp\/v2\/quartos\/28\/revisions"}],"predecessor-version":[{"id":213,"href":"https:\/\/hotelaranjeira.com\/en\/wp-json\/wp\/v2\/quartos\/28\/revisions\/213"}],"wp:featuredmedia":[{"embeddable":true,"href":"https:\/\/hotelaranjeira.com\/en\/wp-json\/wp\/v2\/media\/77"}],"wp:attachment":[{"href":"https:\/\/hotelaranjeira.com\/en\/wp-json\/wp\/v2\/media?parent=28"}],"curies":[{"name":"wp","href":"https:\/\/api.w.org\/{rel}","templated":true}]}}

<p>Quarto Single com ar condicionado inclui uma televisão de ecrã plano com canais por cabo e uma casa de banho privativa com produtos de higiene pessoal gratuitos.</p>



<p>Algumas acomodações dispõem de varandas privativas, ideais para relaxar e apreciar a paisagem, com vistas deslumbrantes para <strong>Viana do Castelo</strong> and the majestic <strong>Santa Luzia Mount</strong></p>



<p>O hotel Laranjeira também dispõe de um bar que serve bebidas refrescantes, snacks doces e salgados, além de oferecer serviço de quartos para maior conveniência.</p>
